et d be (n - (-8 + 4))/(-2). What is the highest common factor of d and 1?
1
Suppose 7*t - 8*t + 9 = 0. Let q = t + 0. What is the greatest common divisor of 54 and q?
9
Suppose -24*p + 13860 = -4*p. Calculate the highest common factor of p and 126.
63
Suppose c - 7 + 2 = 0. Suppose -5*r + 55 = 5*b, 3*b - r - 79 = -2*b. Calculate the highest common divisor of b and c.
5
Let g(b) = 4 + 2 + 13*b - 4 - 6*b. Let h(c) = 6*c + 1. Let m(j) = 3*g(j) - 4*h(j). Let t be m(-4). Calculate the greatest common divisor of 28 and t.
14
Let f = 1521 + -1126. Calculate the highest common divisor of 10 and f.
5
Let c(x) = 3*x + 8. Let p be c(6). Let u be 0/((-4 - -3)*1). Let y(o) = -3*o**2 + o + 286. Let h be y(u). Calculate the greatest common factor of p and h.
26
Suppose -5*i - 405 + 1220 = 0. Let c = -98 + i. What is the greatest common factor of c and 5?
5
Suppose -c - 7 = -l + 1, 2*c = -4*l + 14. Calculate the greatest common factor of 45 and l.
5
Let b(m) = 2*m**2 - 2*m - 1. Let k be b(3). Suppose -4*s + k + 13 = 0. Let l be ((-1)/2)/((-3)/18). Calculate the greatest common divisor of s and l.
3
Let h = 3838 - 3821. Suppose 3*f + 17 = 4*f. Calculate the highest common divisor of f and h.
17
Suppose 0 = -3*y + 9 + 411. Let r = 94 - 66. Calculate the highest common divisor of y and r.
28
Let l = 54 - 18. Let k = -11 + 146. Let n = k - 81. What is the highest common factor of n and l?
18
Let m(k) = k**3 + 6*k**2 + 5. Let i be m(-6). Let f(j) = 2*j**2 - 2*j + 3 - 5 - 3 - j. Let p be f(i). What is the highest common divisor of 12 and p?
6
Suppose 4*n + 3 = -13, 2*n + 110 = -3*x. Let h be 17/x*(12*3)/(-1). What is the greatest common divisor of h and 6?
6
Let a(v) be the third derivative of -v**5/60 + v**4/3 + v**3/2 + 3*v**2. Let w be a(6). Calculate the greatest common factor of 60 and w.
15
Let h be -2 + 4/(20/115). Let a be 5/3 + 280/h. Calculate the greatest common factor of 3 and a.
3
Let w(o) = 8*o + 0 + 43 - 4*o. Let j be w(19). Calculate the greatest common divisor of 7 and j.
7
Let m = 72 - 44. What is the highest common divisor of m and 36?
4
Let w = -45 - -68. Suppose 0 = 2*l + w - 35. Calculate the greatest common factor of l and 42.
6
Let c = -42 - -72. Let r be 26/(-39) + 40/6. Calculate the greatest common factor of c and r.
6
Suppose 4*n = 4*c - 80, -5*n + 6 - 34 = -2*c. Suppose -3*v - c = v. Let d be ((-2)/v)/(8/456). What is the greatest common divisor of d and 133?
19
Suppose -100 = -3*b + 4*m - 2*m, -b = 5*m - 5. Suppose -44*a = -37*a - 315. What is the highest common divisor of b and a?
15
Suppose 22 = -3*r - 0*d - d, 2*r + d + 16 = 0. Let h be 1*-3 - (-45)/10*2. Let n be h/3 - (r + 2). What is the highest common factor of n and 18?
6
Let z(p) = p + 28. Let d be z(-1). Let s be (54/(-4))/((-3)/18). What is the highest common divisor of s and d?
27
Let t(b) = 5*b**2 + 8*b - 10. Let p be t(-4). What is the greatest common factor of p and 589?
19
Let b(s) = 2*s + 4. Let l be b(0). Suppose 4*t = 5*a - t - 550, 0 = -l*a - 2*t + 470. Calculate the highest common divisor of a and 46.
23
Suppose -w - 2*w = 18. Let b = -3 - w. Let x = -1278 + 1290. Calculate the highest common divisor of b and x.
3
Let x(p) = p**3 + 9*p**2 + 20*p + 25. Let k be x(-5). What is the greatest common divisor of k and 1475?
25
Let p = 1287 + -767. Calculate the highest common divisor of 13 and p.
13
Suppose -2*c - 18 = -5*c. Let d be 14 - (1 + -2 - 3). Suppose p = -3*k - 2*p + d, 2*k - 5*p = 12. What is the highest common divisor of k and c?
6
Suppose -26 - 9 = -5*h. Let n(a) = h*a - a - 75*a. Let c be n(-1). What is the greatest common divisor of c and 46?
23
Suppose -4*w = -w + 3*y - 60, -2*y - 44 = -2*w. Suppose -4*g + w = 3*n - g, n = 3*g + 27. Calculate the highest common factor of 12 and n.
12
Let f(m) = -12*m - 56 + 25*m + 3*m. Let q be f(7). What is the highest common factor of q and 42?
14
Let i(d) = -d**3 + 28*d**2 + 25*d - 262. Let n be i(26). Calculate the greatest common divisor of n and 116.
116
Suppose h - 69 = -2*h. Suppose 28*o = h*o + 1085. What is the greatest common divisor of 31 and o?
31
Let k(p) = 271*p**2 + 43*p + 44. Let v be k(-1). What is the greatest common divisor of v and 68?
68
Suppose -g - 5*r = 108, 6*g - g - 2*r = -459. Let i = -49 - g. Calculate the greatest common factor of i and 4.
4
Let b be (3/(3/16))/(2 + -1). Suppose 0 = 3*n - n - b. Calculate the highest common factor of 1 and n.
1
Let a = -1950 + 2124. What is the greatest common factor of 1653 and a?
87
Let o(a) = -a**3 + 5*a**2 + a + 58. Let k be o(0). Calculate the highest common factor of 1450 and k.
58
Suppose -3*z - 52 = -3*u + z, 4*z = 4*u - 68. Suppose u*k - 15*k - 18 = 0. What is the greatest common divisor of k and 18?
18
Let r(s) = s**3 - 8*s**2 - 12. Let l(g) = g**3 - 9*g**2 - g - 11. Let h(v) = 2*l(v) - 3*r(v). Let d be h(6). What is the greatest common divisor of d and 14?
2
Let a = -88 - -124. Suppose -5*o + o = -12. Suppose o*v - 24 = v. Calculate the greatest common factor of a and v.
12
Let j(q) = 2*q**3 - 3*q**2 + 7*q - 4. Suppose 4*m = 2 + 6. Let c be j(m). What is the highest common divisor of c and 112?
14
Let c(g) = -g**3 - 41*g**2 - 60*g - 100. Let i be c(-40). What is the greatest common divisor of i and 28?
28
Let b(u) = -2*u**3 - 9*u**2 - 10*u - 30. Let v be b(-6). Calculate the highest common divisor of v and 46.
46
Suppose 3 = 4*u - 45. Suppose -k - 3*k = 0. Suppose 4*o - 183 - 201 = k. What is the greatest common factor of u and o?
12
Let i(f) = -3*f - 4. Let g be i(-3). Suppose -77 = -g*a - 27. Let b(h) = -h + 24. Let l be b(a). What is the highest common divisor of l and 7?
7
Suppose -936 = 14*t - 1328. Calculate the highest common factor of t and 16.
4
Let m be 6/(-21) - (-111)/21. Suppose -12*d = 13*d - 1375. Calculate the highest common divisor of d and m.
5
Let x(w) = w**2 - 2*w + 5. Suppose 24*a = 19*a + 35. Let z be x(a). Calculate the greatest common factor of z and 16.
8
Let g be 6*(88/24 + 4). Calculate the highest common divisor of 2 and g.
2
Let f be (38/(-4))/((-2)/4). Let v(c) = 155*c + 19. Let g be v(0). Calculate the highest common factor of g and f.
19
Let g be ((-35)/(-3))/(1/3). Let v be ((-66)/(-55))/((-6)/(-100)). Let c = 25 - v. What is the highest common factor of g and c?
5
Let d(y) = -7*y. Let q be d(-8). Suppose 0*u - q = -4*u. Let b = u - 11. What is the greatest common divisor of 2 and b?
1
Suppose -8880 = -611*p + 19*p. Suppose 2*b = -l + 28, 4*b + 8 = 2*l - 8. Let u be 4/l - 176/(-18). What is the greatest common factor of p and u?
5
Let a(m) = -m**2 + 9*m + 5. Let f be a(9). Suppose -32 = 4*c - 6*c - 2*l, f*l = 10. Let k = -17 - -38. Calculate the highest common divisor of c and k.
7
Suppose -3*o = -4*d + 58, -6*d + 49 = -3*d - 5*o. Suppose d*h + 12 = 12*h. Let k(p) = -2*p. Let b be k(h). What is the highest common divisor of b and 6?
6
Let h(b) = 3*b**2 - 6*b - 6. Let l be h(7). Let u = 111 - l. What is the greatest common factor of u and 156?
12
Let l(p) = -p**3 + 10*p**2 - 6*p - 11. Let x be l(7). Let j = x - 84. Calculate the highest common factor of 50 and j.
10
Suppose 3*p - n = 2*n - 93, -5*p - 137 = 4*n. Let h be (p/5 + 5)*(-10)/1. What is the greatest common divisor of 56 and h?
8
Let j be -2 - (-366)/(-60)*-4*5. What is the highest common factor of j and 84?
12
Let z be (-9)/3*3/(-9)*5. Suppose 4*c - 1 = 19, 0 = z*g + 5*c - 105. What is the greatest common factor of g and 128?
16
Let u(o) = o**2 - 22*o + 85. Let c be u(21). Let q(r) = 9*r**3 - 2*r + 1. Let k be q(1). What is the highest common divisor of c and k?
8
Let n(b) = -b**2 + 296*b - 134*b - 150*b + 22. Let a be n(11). What is the greatest common factor of a and 6?
3
Let c = 2695 - 2011. Calculate the highest common divisor of 24 and c.
12
Let x = -7 - -10. Let k = -19 + 41. Let d = -19 + k. What is the highest common divisor of d and x?
3
Let f be (-1)/4*-137 + (-465)/(-620). Let s = 142 + -37. What is the greatest common divisor of s and f?
35
Suppose 3*x - x = 0. Let d be (-23 + x + 4)*-5. What is the highest common factor of 38 and d?
19
Let j be 96/9 - 1/(-3). Let p(c) = 21*c + 13 - j - 11. Let d be p(4). What is the greatest common divisor of 15 and d?
15
Let x(y) = y - 3. Let p be x(-17). Let m be (-2)/(-3 - 52/p). Suppose 0*c + 1 = c. Wh